base 9, what is 183 + -20172?
-18878
In base 14, what is -99 - 143?
-1dc
In base 16, what is 2 + 85d?
85f
In base 4, what is 1131221 - -112?
1131333
In base 13, what is 679 - -4?
680
In base 15, what is -3d73 + -5?
-3d78
In base 8, what is 374351 + 3?
374354
In base 11, what is -77686 - 27?
-77702
In base 6, what is -20001342 - -3?
-20001335
In base 4, what is -1 - -22000123?
22000122
In base 14, what is -97 - -49?
-4c
In base 11, what is 49 + -208?
-16a
In base 14, what is -23699 + 1b?
-2367c
In base 4, what is 3010230203 - 0?
3010230203
In base 10, what is 2 - -43332?
43334
In base 8, what is -1345111 + -5?
-1345116
In base 5, what is -22010 + 4034?
-12421
In base 15, what is -3da1 - 4?
-3da5
In base 6, what is -3 + -10421?
-10424
In base 4, what is -1023131211 + -11?
-1023131222
In base 3, what is 200220001 + 2021?
200222022
In base 13, what is 107b1 + -5?
107a9
In base 6, what is -50 + -2032001?
-2032051
In base 5, what is 4144410 - -30?
4144440
In base 14, what is -da0ad - 3?
-da0b2
In base 7, what is 161555 - 5?
161550
In base 14, what is -3 - -1192?
118d
In base 8, what is 312245 - 0?
312245
In base 16, what is -112 - 18f6?
-1a08
In base 7, what is 12 - -14040?
14052
In base 13, what is -26 + -2bb?
-314
In base 13, what is -9 + 16c190?
16c184
In base 12, what is -3 - 3ab0?
-3ab3
In base 13, what is 565 + 103?
668
In base 6, what is -243 - -2244?
2001
In base 6, what is -2 - 44211544?
-44211550
In base 2, what is -101111 - -1001010010?
1000100011
In base 14, what is 0 - 1c643?
-1c643
In base 9, what is -50 - 537?
-587
In base 5, what is -1 + -23012213?
-23012214
In base 2, what is -111100100 + -10010?
-111110110
In base 16, what is 129ab + -1?
129aa
In base 12, what is 2 + 9960?
9962
In base 13, what is b + -7a18?
-7a0a
In base 2, what is 10111000100 + 1?
10111000101
In base 11, what is -55 + -123a?
-1294
In base 15, what is -5 + 2433?
242d
In base 2, what is -10100000110110 + 101?
-10100000110001
In base 9, what is 6343 - 17?
6325
In base 16, what is -217d58 + -3?
-217d5b
In base 3, what is -2 + -2112120111?
-2112120120
In base 7, what is -153555 - 20?
-153605
In base 6, what is -2202 + -230?
-2432
In base 5, what is -14 + -1024204?
-1024223
In base 8, what is 464 - -124?
610
In base 3, what is 21 + 2120211021?
2120211112
In base 3, what is -120 - -211121101?
211120211
In base 2, what is -10001 + 101100110011110?
101100110001101
In base 10, what is -51 + 12601?
12550
In base 5, what is -243303 + -4?
-243312
In base 8, what is -2671022 + -2?
-2671024
In base 15, what is 70 - 256?
-1d6
In base 11, what is 3a - -756?
795
In base 5, what is 44443230 - 3?
44443222
In base 5, what is -10114030402 + 3?
-10114030344
In base 12, what is 778 - a1?
697
In base 13, what is 20789 + -4?
20785
In base 3, what is 11002202 - -10020?
11012222
In base 16, what is 5 - -4695c?
46961
In base 15, what is 1ca2 - c?
1c95
In base 6, what is -4 - -1130242?
1130234
In base 4, what is 3303232001 + -1?
3303232000
In base 6, what is 41211031 + 2?
41211033
In base 10, what is -3297 + 19?
-3278
In base 16, what is 15fda + -2?
15fd8
In base 4, what is 1 + 1112111?
1112112
In base 16, what is 1 - 1776?
-1775
In base 16, what is -5 + 243db?
243d6
In base 16, what is -42 + 103?
c1
In base 13, what is -218a0 + -1?
-218a1
In base 8, what is 2163647 - -2?
2163651
In base 8, what is 2 - -14577?
14601
In base 12, what is 3 + -2769?
-2766
In base 15, what is c + -2acc3?
-2acb6
In base 8, what is -33572 - -26?
-33544
In base 9, what is 3 - 251407?
-251404
In base 6, what is 42135 + 335?
42514
In base 13, what is -22 + 1501?
14ac
In base 8, what is 1032140 + -1?
1032137
In base 16, what is ef - 389?
-29a
In base 11, what is 282 - -68?
33a
In base 10, what is 11 + 9977?
9988
In base 16, what is -d1 - 1e5f?
-1f30
In base 6, what is 32244 - 121?
32123
In base 6, what is 44200 - 3?
44153
In base 8, what is -542 + -1625?
-2367
In base 9, what is 1733 + 25?
1758
In base 5, what is 3 + 23312312?
23312320
In base 2, what is -10100100010 - -1001111101?
-1010100101
In base 13, what is -464 + -25?
-489
In base 3, what is -20 - -120212?
120122
In base 7, what is -103242 - -5?
-103234
In base 9, what is 0 - -50344?
50344
In base 3, what is -212101011110 + 11?
-212101011022
In base 13, what is -4037 + -5?
-403c
In base 15, what is -2945 + -1?
-2946
In base 9, what is 281320 + 1?
281321
In base 12, what is -4a315 + 1?
-4a314
In base 15, what is -65c11 - -4?
-65c0c
In base 6, what is 33023423 + -1?
33023422
In base 13, what is 2 + -38c8?
-38c6
In base 11, what is 78 + 15?
92
In base 14, what is -5899d3 + 5?
-5899cc
In base 16, what is -e808 - -4?
-e804
In base 4, what is 0 + 2331?
2331
In base 15, what is -3 + -44e67?
-44e6a
In base 16, what is 1 + 28b8?
28b9
In base 16, what is -3811 + -2?
-3813
In base 5, what is -104 - 203243?
-203402
In base 2, what is -111011110 - 1010011001?
-10001110111
In base 8, what is -766370 + 0?
-766370
In base 13, what is -3 - -117996?
117993
In base 14, what is -1 - a35a?
-a35b
In base 12, what is -6b - 49?
-b8
In base 12, what is -3 + 620b?
6208
In base 11, what is 346932 + 0?
346932
In base 14, what is ca - -d?
d9
In base 3, what is -12212000200 + 1?
-12212000122
In base 5, what is -404322 - -3?
-404314
In base 4, what is 21321 - 10123?
11132
In base 6, what is -2222 - 152?
-2414
In base 14, what is 3 + 5ca17?
5ca1a
In base 6, what is 211533 - 5?
211524
In base 15, what is 25e09b - -1?
25e09c
In base 11, what is 115 + -30?
95
In base 14, what is 173 + -3?
170
In base 13, what is -6 + -1209?
-1212
In base 8, what is -16047 + 4?
-16043
In base 16, what is -13af + 2?
-13ad
In base 6, what is 3241521 - 1?
3241520
In base 15, what is 1e28 - 3?
1e25
In base 5, what is 2123 - -340?
3013
In base 9, what is -28 + 2442?
2413
In base 5, what is 10013240 + -23?
10013212
In base 9, what is 2321171 - 2?
2321168
In base 3, what is -112211000 - 10001?
-112221001
In base 7, what is 65 - 4606?
-4511
In base 4, what is 10 - -1020000220?
1020000230
In base 10, what is -1777 + 110?
-1667
In base 2, what is 10 + 1001000011011011?
1001000011011101
In base 12, what is -52363 - 5?
-52368
In base 16, what is 15 - 80d3?
-80be
In base 8, what is -125 - -2065?
1740
In base 8, what is 1347 - -71?
1440
In base 13, what is 19 + 8038?
8054
In base 16, what is -4 + -2b21c?
-2b220
In base 5, what is -1 + 23403431?
23403430
In base 5, what is -20344 + -4314?
-30213
In base 10, what is 15179 - -30?
15209
In base 2, what is -100101100100000110 + -10?
-100101100100001000
In base 14, what is 332 - 128?
208
In base 2, what is -11110010 - 110000001?
-1001110011
In base 8, what is 125 - -472?
617
In base 5, what is -11430213 - 2?
-11430220
In base 11, what is 4290 - 759?
3632
In base 10, what is 3 + -36151?
-36148
In base 14, what is -1d - 3c8b?
-3caa
In base 7, what is -1340146 + 3?
-1340143
In base 15, what is -37820 + 12?
-3780d
In base 13, what is -6aa + -3a?
-717
In base 3, what is 1000100 + 21212?
1022012
In base 11, what is 6 + 3aa95?
3aaa0
In base 4, what is 30 - -13232?
13322
In base 11, what is -7700a95 - -4?
-7700a91
In base 4, what is -1320222021 + 11?
-1320222010
In base 2, what is -111 + -100011101110001001?
-100011101110010000
In base 2, what is 1010 + 1110101010001?
1110101011011
In base 13, what is 143 - 2b2?
-16c
In base 7, what is 4165 + 4?
4202
In base 15, what is 2629 + 4?
262d
In base 13, what is -1a + 234a3?
23486
In base 11, what is -606 + -496?
-aa1
In base 15, what is -17a + -1d?
-198
In base 12, what is -4 - 1a52?
-1a56
In base 13, what is 972745 - -1?
972746
In base 10, what is 148273 + 17?
148290
In base 14, what is 66 + d9?
161
In base 8, what is -5 + -407475?
-407502
In base 7, what is 3002 + -5300?
-2265
In base 16, what is -5 - -1fd43?
1fd3e
In base 13, what is 33b - -71?
3ac
In base 9, what is 0 + 66512?
66512
In base 10, what is 59 - 676?
-617
In base 2, what is -10100011101011100 + -100?
-10100011101100000
In base 15, what is -9 - -b519?
b510
In base 4, what is -10 + -123102310?
-123102320
In base 9, what is 777 - 87?
680
In base 2, what is 10010 + -10001100111101?
-10001100101011
In base 2, what is 1111001110001101111 - 0?
1111001110001101111
In base 13, what is -192a5 - -4?
-192a1
In base 8, what is 20 - -126?
146
In base 15, what is 8ce + 2?
8d1
In base 7, what 